+ 16*d - 19. Let i(k) = 2*k**2 + 29*k + 12. List the prime factors of i(g).
3, 61
Let d(v) = 2*v**2 + 27*v - 174. List the prime factors of d(29).
29, 79
Let g(s) be the first derivative of -s**4/4 + s**2/2 + 3*s - 60. Let c = -35 + 30. List the prime factors of g(c).
3, 41
Let w(v) = 19*v**2 - 13*v - 7. Let i(g) = g. Let d be i(6). List the prime factors of w(d).
599
Let b(q) = -q**2 + 187*q - 177. What are the prime factors of b(32)?
4783
Let f = 615 - 611. List the prime factors of (586/f)/((-30)/12 + 3).
293
Let n(s) = 4786*s**2 + 114*s - 366. What are the prime factors of n(3)?
2, 3, 5, 7, 41
Let v be -6*(4 - 14/3). Let x be 71/v + (-2)/(-8). Let l = x - -44. List the prime factors of l.
2, 31
Suppose -111*y - 11061 = -116955. List the prime factors of y.
2, 3, 53
Let b(s) be the second derivative of -173*s**5/20 - s**3/6 - s**2/2 + 120*s. List the prime factors of b(-1).
173
Let t(d) = 7*d**2 - 2*d - 19. Suppose -a - 8 + 16 = 0. Let s be t(a). Let v = s + -292. What are the prime factors of v?
11
Let d = 589 + -593. List the prime factors of d + (8/4 - 6454/(-7)).
2, 5, 23
Let l = 20339 - 4898. What are the prime factors of l?
3, 5147
Let s be 30/45 - 973/(-3). Suppose -6*j = -767 - s. What are the prime factors of j?
2, 7, 13
Suppose 2580 = 2*n + 4*z, 2*z + 0*z = 5*n - 6402. Let r be 0 + 1 + -1 + 10. Suppose -r*t + 588 = -n. List the prime factors of t.
11, 17
Let x be ((-10)/(-3))/(6/477). Let m = x - 150. Suppose 3 + m = l. List the prime factors of l.
2, 59
Let r(z) = 108*z**2 + 3. Suppose 0 = -2*h - 0*h - 6. Let y be r(h). Suppose 5*n = -8*n + y. List the prime factors of n.
3, 5
Suppose 47*u - 44*u - 24 = 0. Suppose -4*p - u = -0*p, -3*f = -4*p - 920. What are the prime factors of f?
2, 19
Let u be -5*39/(-260) - (-116754)/8. Suppose -157*k = -136*k - u. List the prime factors of k.
5, 139
Suppose 5*x - 5 = 0, 5*f - 138 = -2*x + 34. Let b be f - (-2)/(1 + -3). Let d = 62 - b. List the prime factors of d.
29
Let m(f) be the third derivative of 83*f**4/12 + 3*f**3 - f**2 - 15*f. Let j be m(2). Let c = j + -159. What are the prime factors of c?
191
Let a be (-3 - 0) + 1*(-9)/(-3). Suppose 26*b - 21*b - 1370 = a. List the prime factors of b.
2, 137
Let a(w) = -7*w - 20 + 83 - 24*w + w**2 + 39*w**2 + w**3. What are the prime factors of a(-40)?
1303
Let g(m) = 5*m**3 - 60*m**2 + 71*m - 126. What are the prime factors of g(19)?
2, 13, 41
Suppose -c = -2*b + 6993 - 60550, 5*c - 267720 = -3*b. What are the prime factors of c?
3, 13, 1373
Let f(k) = 211*k**2 - 28*k + 99. List the prime factors of f(8).
17, 787
List the prime factors of (-6)/14 + ((-2254758)/42)/(-11).
2, 5, 61
Let b be ((-130)/(-30))/13 - 2/6. What are the prime factors of b/((-6)/1) - -37*3?
3, 37
Let i(g) = -g**3 - 4*g**2 - 2*g - 9. Let u be 4/(-3) + 144/(-54). Let n be i(u). List the prime factors of ((-2)/(-4) + n)*-4 + 116.
2, 59
Suppose -7*q - q + 11712 = 0. Suppose 5*z - q = -z. Suppose 7*a - 1086 = z. What are the prime factors of a?
2, 5, 19
Suppose -x = 12*x - 13. Let i be (14/(-7) + 2)/((-1)/x). What are the prime factors of 306/(2 - i) - 4/2?
151
Let c(z) = 130*z + 120. Let h be c(-4). Let r = h + 1312. What are the prime factors of r?
2, 3, 19
Let d = 52 + -50. List the prime factors of -2 + d - ((-96)/3 - -7).
5
Let v(y) = 8*y**3 + 139*y**2 - 25*y - 14. What are the prime factors of v(-15)?
2, 19, 61
Let g be 5*(-8)/(-20) - (-1 + 1). Let b(y) = y**3 + 2*y**2 + y**g + 21 - 7*y**2 + 2*y**2. List the prime factors of b(0).
3, 7
Let c(a) = -4*a**2 + 6*a + 12*a**2 - 8*a. Let j be c(1). Suppose -223 = -5*v + w, 2*v = j*v + 5*w - 190. What are the prime factors of v?
3, 5
Suppose -65 = -3*n + 4*s - 6, 4*s = n - 17. Suppose 0 = 11*r - n - 12. Suppose 0 = r*a - 10*a + 966. List the prime factors of a.
2, 3, 23
Suppose 0 = -370*l + 35*l + 6177473 + 4478877. What are the prime factors of l?
2, 5, 3181
Let u(t) = 727*t - 1132. List the prime factors of u(16).
2, 3, 5, 7
Let o = 24 + 336. Let m = -133 + o. What are the prime factors of m?
227
Suppose -4*d - 4*g = -108, 3*g = d + 2*d - 81. Suppose -d*b + 26414 + 2071 = 0. List the prime factors of b.
5, 211
Let v(y) = -y**3 - 7*y - 6. Let k be v(-2). Suppose 24 = 4*m + 4*f, 5*f - f - k = 0. What are the prime factors of 6/(m/(81 - -1))?
2, 3, 41
What are the prime factors of ((-1048)/(-6))/(29/117 - (-24)/(-108))?
2, 13, 131
Suppose 5*a = -0*a. Let v(n) be the third derivative of -n**6/120 - n**5/60 + 107*n**3/6 - 20*n**2. List the prime factors of v(a).
107
Suppose 7402 = -21*a + 79705. List the prime factors of a.
11, 313
Let c(l) = 32*l - 14. Let r be c(10). Let p = -211 + r. What are the prime factors of p?
5, 19
Let t = -8594 + 17508. List the prime factors of t.
2, 4457
Suppose -3703 - 5124 = -2*m + 10867. What are the prime factors of m?
43, 229
Let r be 4 + 110/(-30) + (-4)/(-6). What are the prime factors of 2 + (-12348)/(-18) + (r - 4)?
5, 137
Suppose 3362777 + 8013437 = 126*z + 3445144. What are the prime factors of z?
5, 12589
Let m(x) = -8727*x**3 + 10*x**2 - 6*x - 17. What are the prime factors of m(-2)?
23, 3037
Let f(u) = 5*u**2 + 63*u + 43. Let d be f(-12). Suppose -d*v + 4140 - 773 = 0. List the prime factors of v.
13, 37
Let v be 7/4*(-6)/(-14)*8. Let z be -3*((-2)/v - (-3 + 4)). Suppose 3*c = o + 4*o - 154, -3*o + 75 = z*c. What are the prime factors of o?
29
Let d = 7931 - -3490. What are the prime factors of d?
3, 47
Let l(n) = 16*n**2 - 189*n - 8062. What are the prime factors of l(-57)?
5, 10939
Let i be 1/((-36)/(-780)) + (-4)/(-3). Suppose -i*u + 13*u + 19970 = 0. What are the prime factors of u?
1997
List the prime factors of 916/1*(-19)/(-570)*1635.
2, 109, 229
Suppose -4*c + 3*i + 2 = 3, 2*i = 5*c - 4. List the prime factors of -2 - (1 - c - (466 + 3)).
2, 3, 13
Let m = 4409 - 3530. What are the prime factors of m?
3, 293
Let r(i) = 19662*i**2 - 359*i + 719. What are the prime factors of r(2)?
78649
Let f = 18368 - -2981. What are the prime factors of f?
37, 577
Suppose 54*m = 51*m + 177. Let q be m - ((-2 - -4) + -2). Suppose -2*j + j = -q. What are the prime factors of j?
59
Suppose -2*i + j - 47 = 0, 2*i = -i + 2*j - 69. List the prime factors of -5 - (-92)/20 - 12010/i.
2, 3, 5
Let s = 533 + -521. Suppose 4*r + 8*o - 4956 = s*o, 6 = -2*o. List the prime factors of r.
2, 3, 103
Suppose -317*o + 316*o = -v + 13744, 0 = -4*v - 5*o + 54940. What are the prime factors of v?
2, 3, 5, 229
Let h(x) = 10*x**2 - 88*x + 19. Let l be h(20). Suppose 3*d = -8*c + 5*c + l, -d = 2*c - 752. What are the prime factors of d?
2, 13, 29
Let i = -36047 - -63918. What are the prime factors of i?
47, 593
Suppose 0 = 92*i + 64*i - 4624308. List the prime factors of i.
3, 41, 241
Let h(p) = 39*p + 13. Let n(k) = 38*k + 14. Let j(c) = 5*h(c) - 6*n(c). Suppose 4*l + 2*l + 24 = 0. What are the prime factors of j(l)?
113
Let x(f) = -12*f**3 - 29*f**2 - 149*f + 93. What are the prime factors of x(-19)?
3, 13, 71
Let f = 2319 - 2027. What are the prime factors of f?
2, 73
Suppose -50*i + 18 = -53*i, 3*z = 2*i + 13572. What are the prime factors of z?
2, 5, 113
Let k = -1529 - -2053. List the prime factors of k.
2, 131
Suppose -2 - 1 = -3*n, 0 = 3*p + 2*n - 302. Let s be 6*(-5)/10 + p/(-1). Let z = s - -206. List the prime factors of z.
103
Let n = -16 - -12. List the prime factors of 5/((-30)/3558)*(3 + n).
593
Let p(n) = -n**2 - 7*n - 12. Suppose -35*b + 12 = -38*b. Let u be p(b). Suppose u = -11*j + 4*j + 1008. What are the prime factors of j?
2, 3
What are the prime factors of (-622 - 4)/((-58)/87)?
3, 313
Suppose -16268 - 14355 = -5*g - 2*z, 5*z - 20 = 0. What are the prime factors of g?
3, 13, 157
Let n be (-21)/(-14)*(-3)/((-6)/4). Let k be -246*(2*-3 + n - -5). List the prime factors of (-3 - (-5)/3)*k/8.
2, 41
Let b = -611 - -1424. Suppose -2*u + b = o, u - 7*o + 8*o = 407. List the prime factors of u.
2, 7, 29
Let h = 192 - 192. What are the prime factors of (1646 - 2) + (-4 - -1 - h)?
3, 547
Let v = -28 + 31. Suppose v*j + 2*m - 2 + 9 = 0, j + 9 = -4*m. Let a(x) = -82*x + 1. What are the prime factors of a(j)?
83
Let x(o) = -282*o + 4675. What are the prime factors of x(-101)?
71, 467
Let o be (6 + -3)/(1 - (-2)/4). Suppose 2*x = -5*d - 1, -6*x - o*d + 8 = -x. Suppose 16 = i + 4*c - 2, -x*i + 31 = 3*c. What a